{"id":10,"date":"2018-10-27T19:40:19","date_gmt":"2018-10-27T17:40:19","guid":{"rendered":"http:\/\/digimeca-engineering.com\/?page_id=10"},"modified":"2021-09-28T16:21:25","modified_gmt":"2021-09-28T14:21:25","slug":"contact","status":"publish","type":"page","link":"https:\/\/digimeca-engineering.com\/index.php\/contact\/","title":{"rendered":"Contact"},"content":{"rendered":"<p>Nous avons contribu\u00e9 \u00e0 l\u2019\u00e9laboration de projets de types tr\u00e8s divers dans les domaines de l\u2019a\u00e9ronautique, de l\u2019automobile et de l&rsquo;industrie. Abordez avec nous votre objectif, nous \u00e9laborerons une solution sur-mesure pour le r\u00e9aliser. Nous nous d\u00e9pla\u00e7ons dans la France enti\u00e8re et au-del\u00e0.<\/p>\n<h4><strong>Coordonn\u00e9es<\/strong><\/h4>\n<p>Digimeca Engineering<br \/>3 chemin de Marticot<br \/>33610 Cestas<\/p>\n<p>&#99;&#x6f;&#110;&#x74;&#97;&#x63;&#116;&#x40;&#100;&#x69;&#103;&#x69;&#109;&#x65;&#99;&#x61;&#45;&#x65;&#110;&#x67;&#105;&#x6e;&#101;&#x65;&#114;&#x69;&#110;&#x67;&#46;&#x63;&#111;&#x6d;<\/p>\n<h4><strong>Formulaire de contact<\/strong><\/h4>\n<div role=\"form\" class=\"wpcf7\" id=\"wpcf7-f59-o1\" lang=\"fr-FR\" dir=\"ltr\">\n<div class=\"screen-reader-response\"><p role=\"status\" aria-live=\"polite\" aria-atomic=\"true\"><\/p> <ul><\/ul><\/div>\n<form action=\"\/index.php\/wp-json\/wp\/v2\/pages\/10#wpcf7-f59-o1\" method=\"post\" class=\"wpcf7-form init\" novalidate=\"novalidate\" data-status=\"init\">\n<div style=\"display: none;\">\n<input type=\"hidden\" name=\"_wpcf7\" value=\"59\" \/>\n<input type=\"hidden\" name=\"_wpcf7_version\" value=\"5.6.3\" \/>\n<input type=\"hidden\" name=\"_wpcf7_locale\" value=\"fr_FR\" \/>\n<input type=\"hidden\" name=\"_wpcf7_unit_tag\" value=\"wpcf7-f59-o1\" \/>\n<input type=\"hidden\" name=\"_wpcf7_container_post\" value=\"0\" \/>\n<input type=\"hidden\" name=\"_wpcf7_posted_data_hash\" value=\"\" \/>\n<\/div>\n<p><label> Votre nom (obligatoire)<br \/>\n    <span class=\"wpcf7-form-control-wrap\" data-name=\"your-name\"><input type=\"text\" name=\"your-name\" value=\"\" size=\"40\" class=\"wpcf7-form-control wpcf7-text wpcf7-validates-as-required\" aria-required=\"true\" aria-invalid=\"false\" \/><\/span> <\/label><\/p>\n<p><label> Adresse e-mail (obligatoire)<br \/>\n    <span class=\"wpcf7-form-control-wrap\" data-name=\"your-email\"><input type=\"email\" name=\"your-email\" value=\"\" size=\"40\" class=\"wpcf7-form-control wpcf7-text wpcf7-email wpcf7-validates-as-required wpcf7-validates-as-email\" aria-required=\"true\" aria-invalid=\"false\" \/><\/span> <\/label><\/p>\n<p><label> Objet<br \/>\n    <span class=\"wpcf7-form-control-wrap\" data-name=\"your-subject\"><input type=\"text\" name=\"your-subject\" value=\"\" size=\"40\" class=\"wpcf7-form-control wpcf7-text\" aria-invalid=\"false\" \/><\/span> <\/label><\/p>\n<p><label> Votre message<br \/>\n    <span class=\"wpcf7-form-control-wrap\" data-name=\"your-message\"><textarea name=\"your-message\" cols=\"40\" rows=\"10\" class=\"wpcf7-form-control wpcf7-textarea\" aria-invalid=\"false\"><\/textarea><\/span> <\/label><\/p>\n<p><input type=\"submit\" value=\"Envoyer\" class=\"wpcf7-form-control has-spinner wpcf7-submit\" \/><\/p>\n<div class=\"wpcf7-response-output\" aria-hidden=\"true\"><\/div><\/form><\/div>\n\n<!-- wp:paragraph--><div class=\"gridContainer\">\n<p><a href=\"http:\/\/digimeca-engineering.com\/index.php\/mentions-legales\/\">Mentions l\u00e9gales<\/a><\/p>\n<\/div><!-- \/wp:paragraph-->","protected":false},"excerpt":{"rendered":"<p>Nous avons contribu\u00e9 \u00e0 l\u2019\u00e9laboration de projets de types tr\u00e8s divers dans les domaines de l\u2019a\u00e9ronautique, de l\u2019automobile et de l&rsquo;industrie. Abordez avec nous votre objectif, nous \u00e9laborerons une solution sur-mesure pour le r\u00e9aliser. Nous nous d\u00e9pla\u00e7ons dans la France enti\u00e8re et au-del\u00e0. Coordonn\u00e9es Digimeca Engineering3 chemin de Marticot33610 Cestas &#x63;&#x6f;&#x6e;&#116;&#97;&#99;t&#64;&#x64;&#x69;&#x67;&#x69;&#109;&#101;ca&#x2d;&#x65;&#x6e;&#x67;&#105;&#110;ee&#x72;&#x69;&#x6e;&#x67;&#46;&#99;&#111;m Formulaire de contact Mentions&nbsp;&hellip;<\/p>\n","protected":false},"author":3,"featured_media":129,"parent":0,"menu_order":0,"comment_status":"closed","ping_status":"closed","template":"","meta":{"_monsterinsights_skip_tracking":false,"_monsterinsights_sitenote_active":false,"_monsterinsights_sitenote_note":"","_monsterinsights_sitenote_category":0,"footnotes":""},"class_list":["post-10","page","type-page","status-publish","has-post-thumbnail","hentry"],"_links":{"self":[{"href":"https:\/\/digimeca-engineering.com\/index.php\/wp-json\/wp\/v2\/pages\/10","targetHints":{"allow":["GET"]}}],"collection":[{"href":"https:\/\/digimeca-engineering.com\/index.php\/wp-json\/wp\/v2\/pages"}],"about":[{"href":"https:\/\/digimeca-engineering.com\/index.php\/wp-json\/wp\/v2\/types\/page"}],"author":[{"embeddable":true,"href":"https:\/\/digimeca-engineering.com\/index.php\/wp-json\/wp\/v2\/users\/3"}],"replies":[{"embeddable":true,"href":"https:\/\/digimeca-engineering.com\/index.php\/wp-json\/wp\/v2\/comments?post=10"}],"version-history":[{"count":9,"href":"https:\/\/digimeca-engineering.com\/index.php\/wp-json\/wp\/v2\/pages\/10\/revisions"}],"predecessor-version":[{"id":137,"href":"https:\/\/digimeca-engineering.com\/index.php\/wp-json\/wp\/v2\/pages\/10\/revisions\/137"}],"wp:featuredmedia":[{"embeddable":true,"href":"https:\/\/digimeca-engineering.com\/index.php\/wp-json\/wp\/v2\/media\/129"}],"wp:attachment":[{"href":"https:\/\/digimeca-engineering.com\/index.php\/wp-json\/wp\/v2\/media?parent=10"}],"curies":[{"name":"wp","href":"https:\/\/api.w.org\/{rel}","templated":true}]}}