{"id":78,"date":"2019-01-02T14:53:58","date_gmt":"2019-01-02T13:53:58","guid":{"rendered":"http:\/\/digimeca-engineering.com\/?page_id=78"},"modified":"2019-01-02T14:53:58","modified_gmt":"2019-01-02T13:53:58","slug":"conception-sur-mesure","status":"publish","type":"page","link":"https:\/\/digimeca-engineering.com\/index.php\/conception-sur-mesure\/","title":{"rendered":"Conception sur-mesure"},"content":{"rendered":"<!-- wp:heading {\"level\":4}--><div class=\"gridContainer\">\n<h4><strong>Bureau d&rsquo;\u00e9tude<\/strong><\/h4>\n<\/div><!-- \/wp:heading-->\n\n<!-- wp:paragraph--><div class=\"gridContainer\">\n<p>Digimeca Engineering vous accompagne tout au long de la conception de votre id\u00e9e, du cahier des charges au plan de fabrication. Notre valeur ajout\u00e9e : vous aider \u00e0 trouver des solutions auxquelles vous n&rsquo;auriez pas pens\u00e9.<\/p>\n<\/div><!-- \/wp:paragraph-->\n\n<!-- wp:heading {\"level\":4}--><div class=\"gridContainer\">\n<h4><strong>Prototypage 3D<\/strong><\/h4>\n<\/div><!-- \/wp:heading-->\n\n<!-- wp:paragraph--><div class=\"gridContainer\">\n<p>Nous sommes \u00e9quip\u00e9s d&rsquo;imprimantes 3D vous permettant d&rsquo;obtenir rapidement un prototype conforme \u00e0 la d\u00e9finition. Vous pourrez ainsi rapidement valider l&rsquo;\u00e9tude et\/ou utiliser le prototype comme support de d\u00e9monstration face \u00e0 vos interlocuteurs (fournisseurs, clients, partenaires).<\/p>\n<\/div><!-- \/wp:paragraph-->","protected":false},"excerpt":{"rendered":"<p>Bureau d&rsquo;\u00e9tude Digimeca Engineering vous accompagne tout au long de la conception de votre id\u00e9e, du cahier des charges au plan de fabrication. Notre valeur ajout\u00e9e : vous aider \u00e0 trouver des solutions auxquelles vous n&rsquo;auriez pas pens\u00e9. Prototypage 3D Nous sommes \u00e9quip\u00e9s d&rsquo;imprimantes 3D vous permettant d&rsquo;obtenir rapidement un prototype conforme \u00e0 la d\u00e9finition.&nbsp;&hellip;<\/p>\n","protected":false},"author":3,"featured_media":38,"parent":0,"menu_order":0,"comment_status":"closed","ping_status":"closed","template":"","meta":{"_monsterinsights_skip_tracking":false,"_monsterinsights_sitenote_active":false,"_monsterinsights_sitenote_note":"","_monsterinsights_sitenote_category":0,"footnotes":""},"class_list":["post-78","page","type-page","status-publish","has-post-thumbnail","hentry"],"_links":{"self":[{"href":"https:\/\/digimeca-engineering.com\/index.php\/wp-json\/wp\/v2\/pages\/78","targetHints":{"allow":["GET"]}}],"collection":[{"href":"https:\/\/digimeca-engineering.com\/index.php\/wp-json\/wp\/v2\/pages"}],"about":[{"href":"https:\/\/digimeca-engineering.com\/index.php\/wp-json\/wp\/v2\/types\/page"}],"author":[{"embeddable":true,"href":"https:\/\/digimeca-engineering.com\/index.php\/wp-json\/wp\/v2\/users\/3"}],"replies":[{"embeddable":true,"href":"https:\/\/digimeca-engineering.com\/index.php\/wp-json\/wp\/v2\/comments?post=78"}],"version-history":[{"count":2,"href":"https:\/\/digimeca-engineering.com\/index.php\/wp-json\/wp\/v2\/pages\/78\/revisions"}],"predecessor-version":[{"id":82,"href":"https:\/\/digimeca-engineering.com\/index.php\/wp-json\/wp\/v2\/pages\/78\/revisions\/82"}],"wp:featuredmedia":[{"embeddable":true,"href":"https:\/\/digimeca-engineering.com\/index.php\/wp-json\/wp\/v2\/media\/38"}],"wp:attachment":[{"href":"https:\/\/digimeca-engineering.com\/index.php\/wp-json\/wp\/v2\/media?parent=78"}],"curies":[{"name":"wp","href":"https:\/\/api.w.org\/{rel}","templated":true}]}}